s the highest common factor of 1671385 and 85?
5
What is the highest common divisor of 1944 and 372412080?
1944
Calculate the highest common factor of 2468745 and 180.
45
Calculate the greatest common divisor of 233795 and 6926450.
2185
Calculate the highest common divisor of 8494002 and 72.
18
Calculate the greatest common factor of 189 and 1394099.
7
Calculate the highest common factor of 1973 and 1455.
1
What is the greatest common divisor of 29142710 and 258715?
4385
What is the highest common factor of 360 and 8436?
12
What is the highest common divisor of 3215 and 40935?
5
What is the highest common factor of 29726865 and 224847?
5229
What is the highest common divisor of 5725 and 2669453?
229
Calculate the greatest common divisor of 573 and 11117155.
191
Calculate the highest common factor of 33239 and 151532.
43
What is the highest common factor of 457066681 and 47?
47
What is the highest common divisor of 560 and 296240?
560
What is the highest common factor of 63387566 and 22?
22
What is the greatest common divisor of 869105 and 120695?
505
What is the greatest common factor of 8 and 953510?
2
Calculate the highest common divisor of 92708 and 1653652.
2156
What is the greatest common factor of 1805 and 3137680235?
1805
Calculate the highest common factor of 387441 and 171.
9
Calculate the greatest common factor of 309269460 and 1140.
1140
What is the greatest common factor of 175 and 706832?
7
What is the highest common divisor of 110 and 375438470?
110
What is the highest common factor of 28542 and 4506?
6
Calculate the greatest common divisor of 97080720 and 18480.
2640
Calculate the highest common divisor of 65407709 and 6099.
2033
Calculate the greatest common factor of 297962 and 2681.
7
Calculate the greatest common divisor of 26770188 and 10974.
354
Calculate the highest common divisor of 103820505 and 69.
69
What is the greatest common divisor of 462252 and 3612?
84
What is the greatest common factor of 49905072 and 176?
16
Calculate the greatest common factor of 480 and 331074080.
160
Calculate the greatest common divisor of 581 and 1365308.
7
What is the greatest common factor of 403546263 and 879?
879
Calculate the highest common divisor of 1848 and 65406264.
1848
What is the highest common factor of 30732 and 6924?
12
What is the highest common divisor of 898168 and 57224?
2488
Calculate the greatest common divisor of 1788798 and 924.
66
What is the highest common factor of 9345 and 42371?
7
What is the greatest common factor of 404810 and 210?
70
What is the highest common divisor of 5530 and 9190?
10
Calculate the highest common divisor of 336 and 88291.
7
Calculate the greatest common factor of 99337800 and 112200.
10200
Calculate the greatest common divisor of 40447 and 2937.
11
Calculate the greatest common factor of 1319078 and 122.
2
What is the highest common factor of 2803424 and 101964?
1172
What is the highest common factor of 2313542 and 724?
362
Calculate the highest common divisor of 33 and 6293947.
11
What is the greatest common divisor of 798 and 263739?
399
Calculate the highest common divisor of 9548901 and 48.
3
Calculate the highest common factor of 469 and 66626.
7
What is the highest common divisor of 233 and 993071397?
233
Calculate the greatest common factor of 474651 and 759.
69
What is the highest common divisor of 3488 and 147371924?
436
Calculate the highest common divisor of 3393 and 14975049.
87
What is the highest common divisor of 8952122 and 1264?
158
What is the highest common factor of 111102245 and 3035?
3035
What is the greatest common factor of 8157 and 23815721?
2719
Calculate the greatest common divisor of 2905519 and 3539.
3539
What is the greatest common factor of 24918 and 6378?
6
Calculate the greatest common factor of 60370 and 105140.
10
Calculate the highest common divisor of 60141601 and 13.
13
What is the greatest common factor of 399060 and 4860?
540
What is the highest common factor of 1823 and 860643769?
1823
What is the highest common factor of 9216 and 648?
72
Calculate the highest common divisor of 44416376 and 23256.
2584
Calculate the greatest common divisor of 3349683 and 5352.
669
What is the highest common divisor of 1437 and 698263687?
479
What is the greatest common factor of 6901887 and 344?
43
Calculate the greatest common factor of 19732791 and 39.
39
Calculate the greatest common factor of 34 and 12375031.
17
Calculate the greatest common divisor of 765147730 and 60.
10
What is the greatest common factor of 15488 and 15832256?
704
Calculate the highest common factor of 2926 and 101574.
418
What is the greatest common divisor of 1068 and 1257250134?
534
Calculate the greatest common factor of 22590022 and 1482.
26
Calculate the highest common factor of 1116 and 529587.
9
Calculate the highest common divisor of 1120 and 165070560.
160
What is the highest common divisor of 19978158 and 4902?
114
Calculate the greatest common factor of 1382816 and 1659.
79
Calculate the highest common factor of 747 and 8707779.
747
Calculate the highest common factor of 34948 and 12.
4
What is the highest common factor of 37111 and 6137?
17
What is the highest common divisor of 187503 and 11?
1
Calculate the highest common divisor of 7918 and 8205416.
74
What is the highest common divisor of 141 and 7020719?
47
Calculate the highest common divisor of 42 and 3751698.
6
Calculate the greatest common divisor of 4620815 and 1151273.
1747
What is the greatest common factor of 22615572 and 5889?
453
Calculate the highest common divisor of 5344 and 3672112.
16
Calculate the greatest common factor of 34970307 and 498.
249
Calculate the greatest common factor of 13623577 and 7612.
1903
What is the highest common divisor of 19824 and 51222384?
2832
Calculate the greatest common divisor of 81 and 10473831.
9
Calculate the greatest common factor of 273 and 20136662.
91
What is the highest common divisor of 465 and 2627460645?
465
What is the highest common divisor of 8546460 and 3900?
780
Calculate the greatest common divisor of 2887281 and 6.
3
Calculate the greatest common divisor of 72414915 and 1209.
93
Calculate the greatest common divisor of 3620801 and 6307.
53
What is the greatest common factor of 1498068 and 1188?
1188
What is the highest common divisor of 6910714 and 1558?
82
Calculate the highest common divisor of 86525 and 293575.
25
What is the greatest common factor of 604892464 and 176?
176
Calculate the highest common factor of 248 and 19537688.
248
What is the highest common factor of 1126326031 and 2599?
2599
What is the highest common divisor of 1061 and 822141314?
1061
What is the greatest common divisor of 1183511 and 35903?
161
Calculate the greatest common divisor of 3528 and 386158024.
392
Calculate the highest common factor of 19445492 and 308969.
3911
What is the greatest common divisor of 3528 and 6335343?
63
Calculate the greatest common divisor of 84757 and 19030211.
647
What is the greatest common divisor of 85871 and 7390897?
1997
Calculate the highest common divisor of 61726263 and 2061.
687
What is the greatest common factor of 5777667 and 131264?
2051
Calculate the highest common divisor of 4719496 and 1120912.
2536
Calculate the greatest common divisor of 61 and 182399577.
61
What is the greatest common divisor of 19533 and 816?
51
What is the greatest common factor of 56515660 and 160?
20
What is the greatest common factor of 162676 and 563872?
268
Calculate the highest common divisor of 29730162 and 18502.
638
Calculate the highest common divisor of 3 and 817279.
1
What is the highest common divisor of 873250 and 32200?
350
Calculate the highest common factor of 1728 and 1532538.
18
Calculate the greatest common divisor of 84847082 and 445.
89
Calculate the highest common factor of 39384644 and 38.
38
Calculate the greatest common divisor of 75945 and 127488.
249
What is the greatest common factor of 339266000 and 64?
16
Calculate the greatest common divisor of 14 and 620782988.
14
Calculate the highest common divisor of 3367 and 481742183.
481
What is the highest common divisor of 14343 and 1366743?
21
What is the greatest common divisor of 204 and 3070761?
51
Calculate the greatest common divisor of 157074 and 16638.
282
Calculate the greatest co